{"id":9046,"date":"2016-07-03T14:37:31","date_gmt":"2016-07-03T11:37:31","guid":{"rendered":"http:\/\/izmirkesicitakim.com\/?page_id=9046"},"modified":"2016-07-03T14:39:34","modified_gmt":"2016-07-03T11:39:34","slug":"u-drill-tutucular","status":"publish","type":"page","link":"https:\/\/www.izmirkesicitakim.com\/index.php\/u-drill-tutucular\/","title":{"rendered":"U-Drill Tutucular"},"content":{"rendered":"<p>[vc_row type=&#8221;grid&#8221; video_bg=&#8221;&#8221;][vc_column width=&#8221;1\/3&#8243; dp_animation=&#8221;&#8221;][vc_column_text dp_animation=&#8221;&#8221;]<\/p>\n<ul>\n<li><a href=\"http:\/\/izmirkesicitakim.com\/index.php\/alti-kose-basma-aparati\/\">ALTI K\u00d6\u015eE BASMA APARATI<\/a><\/li>\n<li><a href=\"http:\/\/izmirkesicitakim.com\/index.php\/cnc-doner-puntalar\/\">CNC D\u00d6NER PUNTALAR<\/a><\/li>\n<li><a href=\"http:\/\/izmirkesicitakim.com\/index.php\/delik-kater-tutucular\/\">DEL\u0130K KATER TUTUCALAR<\/a><\/li>\n<li><a href=\"http:\/\/izmirkesicitakim.com\/index.php\/mors-konik-tutucu\/\">MORS KON\u0130K TUTUCU<\/a><\/li>\n<li><a href=\"http:\/\/izmirkesicitakim.com\/index.php\/pafta-cekme-aparati\/\">PAFTA \u00c7EKME APARATI<\/a><\/li>\n<li><a href=\"http:\/\/izmirkesicitakim.com\/index.php\/klavuz-cekme-aparati\/\">KLAVUZ \u00c7EKME APARATI<\/a><\/li>\n<li><a href=\"http:\/\/izmirkesicitakim.com\/index.php\/pens-aynalari\/\">PENS AYNALARI<\/a><\/li>\n<li><a href=\"http:\/\/izmirkesicitakim.com\/index.php\/pens-tutucular\/\">PENS TUTUCULAR<\/a><\/li>\n<li><a href=\"http:\/\/izmirkesicitakim.com\/index.php\/takim-tutucular\/\">TAKIM TUTUCULAR<\/a><\/li>\n<li>\n<h4><span style=\"color: #333333;\"><a style=\"color: #333333;\" href=\"http:\/\/izmirkesicitakim.com\/index.php\/u-drill-tutucular\/\">U-DRILL TUTUCULAR<\/a><\/span><\/h4>\n<\/li>\n<\/ul>\n<p>[\/vc_column_text][\/vc_column][vc_column width=&#8221;2\/3&#8243; dp_animation=&#8221;&#8221;][vc_single_image image=&#8221;9047&#8243; img_size=&#8221;large&#8221; alignment=&#8221;center&#8221; onclick=&#8221;link_image&#8221; dp_animation=&#8221;&#8221;][vc_column_text dp_animation=&#8221;&#8221;]<\/p>\n<ul>\n<li>CNC tornalarda , taretteki U-Drill d\u00f6k\u00fcm tutuculara ba\u011flanarak kullan\u0131l\u0131r.<\/li>\n<li>\u0130\u00e7ten so\u011futmal\u0131 U-Drill matkaplar ile k\u0131sa pens tutucular\u0131n ba\u011flanmas\u0131nda kullan\u0131l\u0131r.<\/li>\n<li>Tutucu sertle\u015ftirilmi\u015f daha sonra da i\u00e7 ve d\u0131\u015f \u00e7ap ta\u015flanm\u0131\u015ft\u0131r.<\/li>\n<\/ul>\n<p>[\/vc_column_text][\/vc_column][\/vc_row]<\/p>\n","protected":false},"excerpt":{"rendered":"<p>[vc_row type=&#8221;grid&#8221; video_bg=&#8221;&#8221;][vc_column width=&#8221;1\/3&#8243; dp_animation=&#8221;&#8221;][vc_column_text dp_animation=&#8221;&#8221;] ALTI K\u00d6\u015eE BASMA APARATI CNC D\u00d6NER PUNTALAR DEL\u0130K KATER TUTUCALAR MORS KON\u0130K TUTUCU PAFTA <p><a class=\"dp-readon\" href=\"https:\/\/www.izmirkesicitakim.com\/index.php\/u-drill-tutucular\/\"><span>Detayl\u0131 Bilgi<\/span><\/a><\/p><\/p>\n","protected":false},"author":1,"featured_media":0,"parent":0,"menu_order":0,"comment_status":"closed","ping_status":"closed","template":"template.right.sidebar.php","meta":[],"_links":{"self":[{"href":"https:\/\/www.izmirkesicitakim.com\/index.php\/wp-json\/wp\/v2\/pages\/9046"}],"collection":[{"href":"https:\/\/www.izmirkesicitakim.com\/index.php\/wp-json\/wp\/v2\/pages"}],"about":[{"href":"https:\/\/www.izmirkesicitakim.com\/index.php\/wp-json\/wp\/v2\/types\/page"}],"author":[{"embeddable":true,"href":"https:\/\/www.izmirkesicitakim.com\/index.php\/wp-json\/wp\/v2\/users\/1"}],"replies":[{"embeddable":true,"href":"https:\/\/www.izmirkesicitakim.com\/index.php\/wp-json\/wp\/v2\/comments?post=9046"}],"version-history":[{"count":2,"href":"https:\/\/www.izmirkesicitakim.com\/index.php\/wp-json\/wp\/v2\/pages\/9046\/revisions"}],"predecessor-version":[{"id":9049,"href":"https:\/\/www.izmirkesicitakim.com\/index.php\/wp-json\/wp\/v2\/pages\/9046\/revisions\/9049"}],"wp:attachment":[{"href":"https:\/\/www.izmirkesicitakim.com\/index.php\/wp-json\/wp\/v2\/media?parent=9046"}],"curies":[{"name":"wp","href":"https:\/\/api.w.org\/{rel}","templated":true}]}}